{"id":939,"date":"2020-07-16T23:48:23","date_gmt":"2020-07-16T21:48:23","guid":{"rendered":"https:\/\/angelfacio.com\/?page_id=939"},"modified":"2020-11-20T18:12:57","modified_gmt":"2020-11-20T17:12:57","slug":"centro-dramatico-nacional","status":"publish","type":"page","link":"https:\/\/angelfacio.com\/index.php\/centro-dramatico-nacional\/","title":{"rendered":"Centro Dram\u00e1tico Nacional"},"content":{"rendered":"\t\t<div data-elementor-type=\"wp-page\" data-elementor-id=\"939\" class=\"elementor elementor-939\">\n\t\t\t\t\t\t<section class=\"elementor-section elementor-top-section elementor-element elementor-element-58195754 elementor-section-boxed elementor-section-height-default elementor-section-height-default\" data-id=\"58195754\" data-element_type=\"section\" data-e-type=\"section\">\n\t\t\t\t\t\t<div class=\"elementor-container elementor-column-gap-default\">\n\t\t\t\t\t<div class=\"elementor-column elementor-col-100 elementor-top-column elementor-element elementor-element-5fab810e\" data-id=\"5fab810e\" data-element_type=\"column\" data-e-type=\"column\">\n\t\t\t<div class=\"elementor-widget-wrap elementor-element-populated\">\n\t\t\t\t\t\t<div class=\"elementor-element elementor-element-3603ed62 elementor-widget elementor-widget-heading\" data-id=\"3603ed62\" data-element_type=\"widget\" data-e-type=\"widget\" data-widget_type=\"heading.default\">\n\t\t\t\t<div class=\"elementor-widget-container\">\n\t\t\t\t\t<h2 class=\"elementor-heading-title elementor-size-default\">Centro Dram\u00e1tico Nacional<\/h2>\t\t\t\t<\/div>\n\t\t\t\t<\/div>\n\t\t\t\t\t<\/div>\n\t\t<\/div>\n\t\t\t\t\t<\/div>\n\t\t<\/section>\n\t\t\t\t<section class=\"elementor-section elementor-top-section elementor-element elementor-element-195af319 elementor-section-boxed elementor-section-height-default elementor-section-height-default\" data-id=\"195af319\" data-element_type=\"section\" data-e-type=\"section\">\n\t\t\t\t\t\t<div class=\"elementor-container elementor-column-gap-default\">\n\t\t\t\t\t<div class=\"elementor-column elementor-col-100 elementor-top-column elementor-element elementor-element-7c5333f5\" data-id=\"7c5333f5\" data-element_type=\"column\" data-e-type=\"column\">\n\t\t\t<div class=\"elementor-widget-wrap elementor-element-populated\">\n\t\t\t\t\t\t<div class=\"elementor-element elementor-element-3b884e7a elementor-widget elementor-widget-text-editor\" data-id=\"3b884e7a\" data-element_type=\"widget\" data-e-type=\"widget\" data-widget_type=\"text-editor.default\">\n\t\t\t\t<div class=\"elementor-widget-container\">\n\t\t\t\t\t\t\t\t\t<p>Tres colaboraciones se producen con el CDN. Un articulo de lencer\u00eda, una visi\u00f3n particular sobre textos de Calder\u00f3n y una Lectura escenificada que resulta ser una peque\u00f1a puesta en escena del texto de Jacinto Grau.<\/p><p>Los Cuadernos de Direcci\u00f3n y otros documentos de los montajes puedes consultarlos en\u00a0<span style=\"color: #ff0000;\"><a style=\"color: #ff0000;\" href=\"http:\/\/archivos-fundacionlosgoliardos.com\/\" target=\"_blank\" rel=\"noopener\"><b><span style=\"color: #ff0000;\">Archivos<\/span> <\/b><\/a><\/span><span style=\"color: #fc3030;\"><a style=\"color: #fc3030;\" href=\"http:\/\/archivos-fundacionlosgoliardos.com\/\" target=\"_blank\" rel=\"noopener\"><b><span style=\"color: #ff0000;\">Fundaci\u00f3n<\/span> <span style=\"color: #ff0000;\">Los Goliardos<\/span>.<\/b><\/a><\/span><\/p>\t\t\t\t\t\t\t\t<\/div>\n\t\t\t\t<\/div>\n\t\t\t\t\t<\/div>\n\t\t<\/div>\n\t\t\t\t\t<\/div>\n\t\t<\/section>\n\t\t\t\t<section class=\"elementor-section elementor-top-section elementor-element elementor-element-15d3601 elementor-section-boxed elementor-section-height-default elementor-section-height-default\" data-id=\"15d3601\" data-element_type=\"section\" data-e-type=\"section\">\n\t\t\t\t\t\t<div class=\"elementor-container elementor-column-gap-default\">\n\t\t\t\t\t<div class=\"elementor-column elementor-col-50 elementor-top-column elementor-element elementor-element-729c547\" data-id=\"729c547\" data-element_type=\"column\" data-e-type=\"column\">\n\t\t\t<div class=\"elementor-widget-wrap elementor-element-populated\">\n\t\t\t\t\t\t<div class=\"elementor-element elementor-element-58388055 elementor-widget elementor-widget-text-editor\" data-id=\"58388055\" data-element_type=\"widget\" data-e-type=\"widget\" data-widget_type=\"text-editor.default\">\n\t\t\t\t<div class=\"elementor-widget-container\">\n\t\t\t\t\t\t\t\t\t<ul><li><strong><em>Las Bragas<\/em><\/strong>, de Karl Sternheim. 1980<\/li><li><em><strong>No hay burlas con Calder\u00f3n<\/strong><\/em>, collage de textos A.F. 1985<\/li><li><strong><em>Don Juan de Carillana<\/em><\/strong>, de Jacinto Grau. 1998<\/li><\/ul>\t\t\t\t\t\t\t\t<\/div>\n\t\t\t\t<\/div>\n\t\t\t\t\t<\/div>\n\t\t<\/div>\n\t\t\t\t<div class=\"elementor-column elementor-col-50 elementor-top-column elementor-element elementor-element-5e656eb\" data-id=\"5e656eb\" data-element_type=\"column\" data-e-type=\"column\">\n\t\t\t<div class=\"elementor-widget-wrap elementor-element-populated\">\n\t\t\t\t\t\t<div class=\"elementor-element elementor-element-f041cbc elementor-arrows-position-inside elementor-pagination-position-outside elementor-widget elementor-widget-image-carousel\" data-id=\"f041cbc\" data-element_type=\"widget\" data-e-type=\"widget\" data-settings=\"{&quot;slides_to_show&quot;:&quot;1&quot;,&quot;navigation&quot;:&quot;both&quot;,&quot;autoplay&quot;:&quot;yes&quot;,&quot;pause_on_hover&quot;:&quot;yes&quot;,&quot;pause_on_interaction&quot;:&quot;yes&quot;,&quot;autoplay_speed&quot;:5000,&quot;infinite&quot;:&quot;yes&quot;,&quot;effect&quot;:&quot;slide&quot;,&quot;speed&quot;:500}\" data-widget_type=\"image-carousel.default\">\n\t\t\t\t<div class=\"elementor-widget-container\">\n\t\t\t\t\t\t\t<div class=\"elementor-image-carousel-wrapper swiper\" role=\"region\" aria-roledescription=\"carousel\" aria-label=\"Carrusel de im\u00e1genes\" dir=\"ltr\">\n\t\t\t<div class=\"elementor-image-carousel swiper-wrapper\" aria-live=\"off\">\n\t\t\t\t\t\t\t\t<div class=\"swiper-slide\" role=\"group\" aria-roledescription=\"slide\" aria-label=\"1 de 8\"><a data-elementor-open-lightbox=\"yes\" data-elementor-lightbox-slideshow=\"f041cbc\" data-elementor-lightbox-title=\"Revista LUI - Secci\u00f3n Saber Vivir - Articulo de Eduardo G. Rico - Fotograf\u00eda de Roberto Cerecedo\" data-e-action-hash=\"#elementor-action%3Aaction%3Dlightbox%26settings%3DeyJpZCI6MzEzOCwidXJsIjoiaHR0cHM6XC9cL2FuZ2VsZmFjaW8uY29tXC93cC1jb250ZW50XC91cGxvYWRzXC8yMDIwXC8wOVwvMS1MQVMtQlJBR0FTLXJldmlzdGEtTFVJLS5qcGciLCJzbGlkZXNob3ciOiJmMDQxY2JjIn0%3D\" href=\"https:\/\/angelfacio.com\/wp-content\/uploads\/2020\/09\/1-LAS-BRAGAS-revista-LUI-.jpg\"><figure class=\"swiper-slide-inner\"><img decoding=\"async\" class=\"swiper-slide-image lazyload\" data-src=\"https:\/\/angelfacio.com\/wp-content\/uploads\/elementor\/thumbs\/1-LAS-BRAGAS-revista-LUI--qukv6rk2qboju40y8rvdbtywid3kr769k3t7lmqpz4.jpg\" alt=\"Revista LUI - Secci\u00f3n \n Saber VivirArt\u00edculo de Eduardo G. Rico - Fotograf\u00eda de Roberto Cerecedo\" src=\"data:image\/svg+xml;base64,PHN2ZyB3aWR0aD0iMSIgaGVpZ2h0PSIxIiB4bWxucz0iaHR0cDovL3d3dy53My5vcmcvMjAwMC9zdmciPjwvc3ZnPg==\" style=\"--smush-placeholder-width: 254px; --smush-placeholder-aspect-ratio: 254\/350;\" \/><figcaption class=\"elementor-image-carousel-caption\">Revista LUI - Secci\u00f3n \n Saber Vivir<br \/>Art\u00edculo de Eduardo G. Rico - Fotograf\u00eda de Roberto Cerecedo<\/figcaption><\/figure><\/a><\/div><div class=\"swiper-slide\" role=\"group\" aria-roledescription=\"slide\" aria-label=\"2 de 8\"><a data-elementor-open-lightbox=\"yes\" data-elementor-lightbox-slideshow=\"f041cbc\" data-elementor-lightbox-title=\"Revista LUI - Secci\u00f3n Saber Vivir - Articulo de Eduardo G. Rico - Fotograf\u00eda de Roberto Cerecedo\" data-e-action-hash=\"#elementor-action%3Aaction%3Dlightbox%26settings%3DeyJpZCI6MzEzOSwidXJsIjoiaHR0cHM6XC9cL2FuZ2VsZmFjaW8uY29tXC93cC1jb250ZW50XC91cGxvYWRzXC8yMDIwXC8wOVwvMi1MQVMtQlJBR0FTLXJldmlzdGEtTFVJLS5qcGciLCJzbGlkZXNob3ciOiJmMDQxY2JjIn0%3D\" href=\"https:\/\/angelfacio.com\/wp-content\/uploads\/2020\/09\/2-LAS-BRAGAS-revista-LUI-.jpg\"><figure class=\"swiper-slide-inner\"><img decoding=\"async\" class=\"swiper-slide-image lazyload\" data-src=\"https:\/\/angelfacio.com\/wp-content\/uploads\/elementor\/thumbs\/2-LAS-BRAGAS-revista-LUI--qukv6nspyzjejo6euq8v1ux24tm3werc7l79oiwao0.jpg\" alt=\"Revista LUI - Secci\u00f3n \n Saber VivirArt\u00edculo de Eduardo G. Rico - Fotograf\u00eda de Roberto Cerecedo\" src=\"data:image\/svg+xml;base64,PHN2ZyB3aWR0aD0iMSIgaGVpZ2h0PSIxIiB4bWxucz0iaHR0cDovL3d3dy53My5vcmcvMjAwMC9zdmciPjwvc3ZnPg==\" style=\"--smush-placeholder-width: 254px; --smush-placeholder-aspect-ratio: 254\/350;\" \/><figcaption class=\"elementor-image-carousel-caption\">Revista LUI - Secci\u00f3n \n Saber Vivir<br \/>Art\u00edculo de Eduardo G. Rico - Fotograf\u00eda de Roberto Cerecedo<\/figcaption><\/figure><\/a><\/div><div class=\"swiper-slide\" role=\"group\" aria-roledescription=\"slide\" aria-label=\"3 de 8\"><a data-elementor-open-lightbox=\"yes\" data-elementor-lightbox-slideshow=\"f041cbc\" data-elementor-lightbox-title=\"Revista LUI - Secci\u00f3n Saber Vivir - Articulo de Eduardo G. Rico - Fotograf\u00eda de Roberto Cerecedo\" data-e-action-hash=\"#elementor-action%3Aaction%3Dlightbox%26settings%3DeyJpZCI6MzE0MCwidXJsIjoiaHR0cHM6XC9cL2FuZ2VsZmFjaW8uY29tXC93cC1jb250ZW50XC91cGxvYWRzXC8yMDIwXC8wOVwvMy1MQVMtQlJBR0FTLXJldmlzdGEtTFVJLS5qcGciLCJzbGlkZXNob3ciOiJmMDQxY2JjIn0%3D\" href=\"https:\/\/angelfacio.com\/wp-content\/uploads\/2020\/09\/3-LAS-BRAGAS-revista-LUI-.jpg\"><figure class=\"swiper-slide-inner\"><img decoding=\"async\" class=\"swiper-slide-image lazyload\" data-src=\"https:\/\/angelfacio.com\/wp-content\/uploads\/elementor\/thumbs\/3-LAS-BRAGAS-revista-LUI--qukv6rk2qboju40y8rvdbtywid3kr769k3t7lmqpz4.jpg\" alt=\"Revista LUI - Secci\u00f3n \n Saber VivirArt\u00edculo de Eduardo G. Rico - Fotograf\u00eda de Roberto Cerecedo\" src=\"data:image\/svg+xml;base64,PHN2ZyB3aWR0aD0iMSIgaGVpZ2h0PSIxIiB4bWxucz0iaHR0cDovL3d3dy53My5vcmcvMjAwMC9zdmciPjwvc3ZnPg==\" style=\"--smush-placeholder-width: 254px; --smush-placeholder-aspect-ratio: 254\/350;\" \/><figcaption class=\"elementor-image-carousel-caption\">Revista LUI - Secci\u00f3n \n Saber Vivir<br \/>Art\u00edculo de Eduardo G. Rico - Fotograf\u00eda de Roberto Cerecedo<\/figcaption><\/figure><\/a><\/div><div class=\"swiper-slide\" role=\"group\" aria-roledescription=\"slide\" aria-label=\"4 de 8\"><a data-elementor-open-lightbox=\"yes\" data-elementor-lightbox-slideshow=\"f041cbc\" data-elementor-lightbox-title=\"No hay burlas con Calder\u00f3n - Programa\" data-e-action-hash=\"#elementor-action%3Aaction%3Dlightbox%26settings%3DeyJpZCI6MzEzNSwidXJsIjoiaHR0cHM6XC9cL2FuZ2VsZmFjaW8uY29tXC93cC1jb250ZW50XC91cGxvYWRzXC8yMDIwXC8wOVwvQ0ROLU5vLWhheS1idXJsYXMtY29uLUNhbGRlcm9uLXByb2dyYW1hLTAwMS5qcGciLCJzbGlkZXNob3ciOiJmMDQxY2JjIn0%3D\" href=\"https:\/\/angelfacio.com\/wp-content\/uploads\/2020\/09\/CDN-No-hay-burlas-con-Calderon-programa-001.jpg\"><figure class=\"swiper-slide-inner\"><img decoding=\"async\" class=\"swiper-slide-image lazyload\" data-src=\"https:\/\/angelfacio.com\/wp-content\/uploads\/elementor\/thumbs\/CDN-No-hay-burlas-con-Calderon-programa-001-qukv6rk2qboju40y8rvdbtywid3kr769k3t7lmqpz4.jpg\" alt=\"No hay burlas con Calder\u00f3n - Programa\" src=\"data:image\/svg+xml;base64,PHN2ZyB3aWR0aD0iMSIgaGVpZ2h0PSIxIiB4bWxucz0iaHR0cDovL3d3dy53My5vcmcvMjAwMC9zdmciPjwvc3ZnPg==\" style=\"--smush-placeholder-width: 489px; --smush-placeholder-aspect-ratio: 489\/350;\" \/><figcaption class=\"elementor-image-carousel-caption\">No hay burlas con Calder\u00f3n - Programa<\/figcaption><\/figure><\/a><\/div><div class=\"swiper-slide\" role=\"group\" aria-roledescription=\"slide\" aria-label=\"5 de 8\"><a data-elementor-open-lightbox=\"yes\" data-elementor-lightbox-slideshow=\"f041cbc\" data-elementor-lightbox-title=\"No hay burlas con Calder\u00f3n - Programa\" data-e-action-hash=\"#elementor-action%3Aaction%3Dlightbox%26settings%3DeyJpZCI6MjY3MSwidXJsIjoiaHR0cHM6XC9cL2FuZ2VsZmFjaW8uY29tXC93cC1jb250ZW50XC91cGxvYWRzXC8yMDIwXC8wOVwvQ0ROLU5vLWhheS1idXJsYXMtY29uLUNhbGRlcm9uLS5qcGciLCJzbGlkZXNob3ciOiJmMDQxY2JjIn0%3D\" href=\"https:\/\/angelfacio.com\/wp-content\/uploads\/2020\/09\/CDN-No-hay-burlas-con-Calderon-.jpg\"><figure class=\"swiper-slide-inner\"><img decoding=\"async\" class=\"swiper-slide-image lazyload\" data-src=\"https:\/\/angelfacio.com\/wp-content\/uploads\/elementor\/thumbs\/CDN-No-hay-burlas-con-Calderon--qukv6nspyzjejo6euq8v1ux24tm3werc7l79oiwao0.jpg\" alt=\"No hay burlas con Calder\u00f3n - Programa\" src=\"data:image\/svg+xml;base64,PHN2ZyB3aWR0aD0iMSIgaGVpZ2h0PSIxIiB4bWxucz0iaHR0cDovL3d3dy53My5vcmcvMjAwMC9zdmciPjwvc3ZnPg==\" style=\"--smush-placeholder-width: 486px; --smush-placeholder-aspect-ratio: 486\/350;\" \/><figcaption class=\"elementor-image-carousel-caption\">No hay burlas con Calder\u00f3n - Programa<\/figcaption><\/figure><\/a><\/div><div class=\"swiper-slide\" role=\"group\" aria-roledescription=\"slide\" aria-label=\"6 de 8\"><a data-elementor-open-lightbox=\"yes\" data-elementor-lightbox-slideshow=\"f041cbc\" data-elementor-lightbox-title=\"No hay burlas con Calder\u00f3n - Programa\" data-e-action-hash=\"#elementor-action%3Aaction%3Dlightbox%26settings%3DeyJpZCI6MjY2OSwidXJsIjoiaHR0cHM6XC9cL2FuZ2VsZmFjaW8uY29tXC93cC1jb250ZW50XC91cGxvYWRzXC8yMDIwXC8wOVwvMS1Oby1oYXktYnVybGFzLWNvbi1DYWxkZXJvbi1TYWxhLUdhbGlsZW8tLmpwZyIsInNsaWRlc2hvdyI6ImYwNDFjYmMifQ%3D%3D\" href=\"https:\/\/angelfacio.com\/wp-content\/uploads\/2020\/09\/1-No-hay-burlas-con-Calderon-Sala-Galileo-.jpg\"><figure class=\"swiper-slide-inner\"><img decoding=\"async\" class=\"swiper-slide-image lazyload\" data-src=\"https:\/\/angelfacio.com\/wp-content\/uploads\/elementor\/thumbs\/1-No-hay-burlas-con-Calderon-Sala-Galileo--qukv6qm8jhn9ii2be9gqrc7fwz87ji2j7z5q4cs45c.jpg\" alt=\"No hay burlas con Calder\u00f3n - Programa\" src=\"data:image\/svg+xml;base64,PHN2ZyB3aWR0aD0iMSIgaGVpZ2h0PSIxIiB4bWxucz0iaHR0cDovL3d3dy53My5vcmcvMjAwMC9zdmciPjwvc3ZnPg==\" style=\"--smush-placeholder-width: 359px; --smush-placeholder-aspect-ratio: 359\/350;\" \/><figcaption class=\"elementor-image-carousel-caption\">No hay burlas con Calder\u00f3n - Programa<\/figcaption><\/figure><\/a><\/div><div class=\"swiper-slide\" role=\"group\" aria-roledescription=\"slide\" aria-label=\"7 de 8\"><a data-elementor-open-lightbox=\"yes\" data-elementor-lightbox-slideshow=\"f041cbc\" data-elementor-lightbox-title=\"No hay burlas con Calder\u00f3n - Programa\" data-e-action-hash=\"#elementor-action%3Aaction%3Dlightbox%26settings%3DeyJpZCI6MjY3MCwidXJsIjoiaHR0cHM6XC9cL2FuZ2VsZmFjaW8uY29tXC93cC1jb250ZW50XC91cGxvYWRzXC8yMDIwXC8wOVwvMi1Oby1oYXktYnVybGFzLWNvbi1DYWxkZXJvbi1TYWxhLUdhbGlsZW8tLmpwZyIsInNsaWRlc2hvdyI6ImYwNDFjYmMifQ%3D%3D\" href=\"https:\/\/angelfacio.com\/wp-content\/uploads\/2020\/09\/2-No-hay-burlas-con-Calderon-Sala-Galileo-.jpg\"><figure class=\"swiper-slide-inner\"><img decoding=\"async\" class=\"swiper-slide-image lazyload\" data-src=\"https:\/\/angelfacio.com\/wp-content\/uploads\/elementor\/thumbs\/2-No-hay-burlas-con-Calderon-Sala-Galileo--qukv6oqk5tkova51p8nhmcoiq7hh43v2jpur5suwhs.jpg\" alt=\"No hay burlas con Calder\u00f3n - Programa\" src=\"data:image\/svg+xml;base64,PHN2ZyB3aWR0aD0iMSIgaGVpZ2h0PSIxIiB4bWxucz0iaHR0cDovL3d3dy53My5vcmcvMjAwMC9zdmciPjwvc3ZnPg==\" style=\"--smush-placeholder-width: 360px; --smush-placeholder-aspect-ratio: 360\/350;\" \/><figcaption class=\"elementor-image-carousel-caption\">No hay burlas con Calder\u00f3n - Programa<\/figcaption><\/figure><\/a><\/div><div class=\"swiper-slide\" role=\"group\" aria-roledescription=\"slide\" aria-label=\"8 de 8\"><a data-elementor-open-lightbox=\"yes\" data-elementor-lightbox-slideshow=\"f041cbc\" data-elementor-lightbox-title=\"Don Juan de Carillana\" data-e-action-hash=\"#elementor-action%3Aaction%3Dlightbox%26settings%3DeyJpZCI6MjA2MywidXJsIjoiaHR0cHM6XC9cL2FuZ2VsZmFjaW8uY29tXC93cC1jb250ZW50XC91cGxvYWRzXC8yMDIwXC8wOFwvRG9uLUp1YW4tZGUtQ2FyaWxsYW5hLmpwZyIsInNsaWRlc2hvdyI6ImYwNDFjYmMifQ%3D%3D\" href=\"https:\/\/angelfacio.com\/wp-content\/uploads\/2020\/08\/Don-Juan-de-Carillana.jpg\"><figure class=\"swiper-slide-inner\"><img decoding=\"async\" class=\"swiper-slide-image lazyload\" data-src=\"https:\/\/angelfacio.com\/wp-content\/uploads\/elementor\/thumbs\/Don-Juan-de-Carillana-qukv6z2s8zyuezq10v4dvs2l9g2igs049513fufklc.jpg\" alt=\"Don Juan de Carillana\" src=\"data:image\/svg+xml;base64,PHN2ZyB3aWR0aD0iMSIgaGVpZ2h0PSIxIiB4bWxucz0iaHR0cDovL3d3dy53My5vcmcvMjAwMC9zdmciPjwvc3ZnPg==\" style=\"--smush-placeholder-width: 248px; --smush-placeholder-aspect-ratio: 248\/350;\" \/><figcaption class=\"elementor-image-carousel-caption\">Don Juan de Carillana<\/figcaption><\/figure><\/a><\/div>\t\t\t<\/div>\n\t\t\t\t\t\t\t\t\t\t\t\t<div class=\"elementor-swiper-button elementor-swiper-button-prev\" role=\"button\" tabindex=\"0\">\n\t\t\t\t\t\t<i aria-hidden=\"true\" class=\"eicon-chevron-left\"><\/i>\t\t\t\t\t<\/div>\n\t\t\t\t\t<div class=\"elementor-swiper-button elementor-swiper-button-next\" role=\"button\" tabindex=\"0\">\n\t\t\t\t\t\t<i aria-hidden=\"true\" class=\"eicon-chevron-right\"><\/i>\t\t\t\t\t<\/div>\n\t\t\t\t\n\t\t\t\t\t\t\t\t\t<div class=\"swiper-pagination\"><\/div>\n\t\t\t\t\t\t\t\t\t<\/div>\n\t\t\t\t\t\t<\/div>\n\t\t\t\t<\/div>\n\t\t\t\t\t<\/div>\n\t\t<\/div>\n\t\t\t\t\t<\/div>\n\t\t<\/section>\n\t\t\t\t<\/div>\n\t\t","protected":false},"excerpt":{"rendered":"<p>Centro Dram\u00e1tico Nacional Tres colaboraciones se producen con el CDN. Un articulo de lencer\u00eda, una visi\u00f3n particular sobre textos de Calder\u00f3n y una Lectura escenificada que resulta ser una peque\u00f1a puesta en escena del texto de Jacinto Grau. Los Cuadernos de Direcci\u00f3n y otros documentos de los montajes puedes consultarlos en\u00a0Archivos Fundaci\u00f3n Los Goliardos. Las [&hellip;]<\/p>\n","protected":false},"author":1,"featured_media":0,"parent":0,"menu_order":0,"comment_status":"closed","ping_status":"closed","template":"elementor_canvas","meta":{"footnotes":""},"class_list":["post-939","page","type-page","status-publish","hentry"],"yoast_head":"<!-- This site is optimized with the Yoast SEO plugin v25.6 - https:\/\/yoast.com\/wordpress\/plugins\/seo\/ -->\n<title>Centro Dram\u00e1tico Nacional - \u00c1ngel Facio<\/title>\n<meta name=\"robots\" content=\"index, follow, max-snippet:-1, max-image-preview:large, max-video-preview:-1\" \/>\n<link rel=\"canonical\" href=\"https:\/\/angelfacio.com\/index.php\/centro-dramatico-nacional\/\" \/>\n<meta property=\"og:locale\" content=\"es_ES\" \/>\n<meta property=\"og:type\" content=\"article\" \/>\n<meta property=\"og:title\" content=\"Centro Dram\u00e1tico Nacional - \u00c1ngel Facio\" \/>\n<meta property=\"og:description\" content=\"Centro Dram\u00e1tico Nacional Tres colaboraciones se producen con el CDN. Un articulo de lencer\u00eda, una visi\u00f3n particular sobre textos de Calder\u00f3n y una Lectura escenificada que resulta ser una peque\u00f1a puesta en escena del texto de Jacinto Grau. Los Cuadernos de Direcci\u00f3n y otros documentos de los montajes puedes consultarlos en\u00a0Archivos Fundaci\u00f3n Los Goliardos. Las [&hellip;]\" \/>\n<meta property=\"og:url\" content=\"https:\/\/angelfacio.com\/index.php\/centro-dramatico-nacional\/\" \/>\n<meta property=\"og:site_name\" content=\"\u00c1ngel Facio\" \/>\n<meta property=\"article:modified_time\" content=\"2020-11-20T17:12:57+00:00\" \/>\n<meta property=\"og:image\" content=\"https:\/\/angelfacio.com\/wp-content\/uploads\/elementor\/thumbs\/1-LAS-BRAGAS-revista-LUI--ovy64m2ubtnlmeqq6yghgfdwo9ou440hiehpjtjcow.jpg\" \/>\n<meta name=\"twitter:card\" content=\"summary_large_image\" \/>\n<meta name=\"twitter:label1\" content=\"Tiempo de lectura\" \/>\n\t<meta name=\"twitter:data1\" content=\"1 minuto\" \/>\n<script type=\"application\/ld+json\" class=\"yoast-schema-graph\">{\"@context\":\"https:\/\/schema.org\",\"@graph\":[{\"@type\":\"WebPage\",\"@id\":\"https:\/\/angelfacio.com\/index.php\/centro-dramatico-nacional\/\",\"url\":\"https:\/\/angelfacio.com\/index.php\/centro-dramatico-nacional\/\",\"name\":\"Centro Dram\u00e1tico Nacional - \u00c1ngel Facio\",\"isPartOf\":{\"@id\":\"https:\/\/angelfacio.com\/#website\"},\"primaryImageOfPage\":{\"@id\":\"https:\/\/angelfacio.com\/index.php\/centro-dramatico-nacional\/#primaryimage\"},\"image\":{\"@id\":\"https:\/\/angelfacio.com\/index.php\/centro-dramatico-nacional\/#primaryimage\"},\"thumbnailUrl\":\"https:\/\/angelfacio.com\/wp-content\/uploads\/elementor\/thumbs\/1-LAS-BRAGAS-revista-LUI--ovy64m2ubtnlmeqq6yghgfdwo9ou440hiehpjtjcow.jpg\",\"datePublished\":\"2020-07-16T21:48:23+00:00\",\"dateModified\":\"2020-11-20T17:12:57+00:00\",\"breadcrumb\":{\"@id\":\"https:\/\/angelfacio.com\/index.php\/centro-dramatico-nacional\/#breadcrumb\"},\"inLanguage\":\"es\",\"potentialAction\":[{\"@type\":\"ReadAction\",\"target\":[\"https:\/\/angelfacio.com\/index.php\/centro-dramatico-nacional\/\"]}]},{\"@type\":\"ImageObject\",\"inLanguage\":\"es\",\"@id\":\"https:\/\/angelfacio.com\/index.php\/centro-dramatico-nacional\/#primaryimage\",\"url\":\"https:\/\/angelfacio.com\/wp-content\/uploads\/elementor\/thumbs\/1-LAS-BRAGAS-revista-LUI--ovy64m2ubtnlmeqq6yghgfdwo9ou440hiehpjtjcow.jpg\",\"contentUrl\":\"https:\/\/angelfacio.com\/wp-content\/uploads\/elementor\/thumbs\/1-LAS-BRAGAS-revista-LUI--ovy64m2ubtnlmeqq6yghgfdwo9ou440hiehpjtjcow.jpg\"},{\"@type\":\"BreadcrumbList\",\"@id\":\"https:\/\/angelfacio.com\/index.php\/centro-dramatico-nacional\/#breadcrumb\",\"itemListElement\":[{\"@type\":\"ListItem\",\"position\":1,\"name\":\"Portada\",\"item\":\"https:\/\/angelfacio.com\/\"},{\"@type\":\"ListItem\",\"position\":2,\"name\":\"Centro Dram\u00e1tico Nacional\"}]},{\"@type\":\"WebSite\",\"@id\":\"https:\/\/angelfacio.com\/#website\",\"url\":\"https:\/\/angelfacio.com\/\",\"name\":\"\u00c1ngel Facio\",\"description\":\"Dramaturgo y Director Esc\u00e9nico\",\"potentialAction\":[{\"@type\":\"SearchAction\",\"target\":{\"@type\":\"EntryPoint\",\"urlTemplate\":\"https:\/\/angelfacio.com\/?s={search_term_string}\"},\"query-input\":{\"@type\":\"PropertyValueSpecification\",\"valueRequired\":true,\"valueName\":\"search_term_string\"}}],\"inLanguage\":\"es\"}]}<\/script>\n<!-- \/ Yoast SEO plugin. -->","yoast_head_json":{"title":"Centro Dram\u00e1tico Nacional - \u00c1ngel Facio","robots":{"index":"index","follow":"follow","max-snippet":"max-snippet:-1","max-image-preview":"max-image-preview:large","max-video-preview":"max-video-preview:-1"},"canonical":"https:\/\/angelfacio.com\/index.php\/centro-dramatico-nacional\/","og_locale":"es_ES","og_type":"article","og_title":"Centro Dram\u00e1tico Nacional - \u00c1ngel Facio","og_description":"Centro Dram\u00e1tico Nacional Tres colaboraciones se producen con el CDN. Un articulo de lencer\u00eda, una visi\u00f3n particular sobre textos de Calder\u00f3n y una Lectura escenificada que resulta ser una peque\u00f1a puesta en escena del texto de Jacinto Grau. Los Cuadernos de Direcci\u00f3n y otros documentos de los montajes puedes consultarlos en\u00a0Archivos Fundaci\u00f3n Los Goliardos. Las [&hellip;]","og_url":"https:\/\/angelfacio.com\/index.php\/centro-dramatico-nacional\/","og_site_name":"\u00c1ngel Facio","article_modified_time":"2020-11-20T17:12:57+00:00","og_image":[{"url":"https:\/\/angelfacio.com\/wp-content\/uploads\/elementor\/thumbs\/1-LAS-BRAGAS-revista-LUI--ovy64m2ubtnlmeqq6yghgfdwo9ou440hiehpjtjcow.jpg","type":"","width":"","height":""}],"twitter_card":"summary_large_image","twitter_misc":{"Tiempo de lectura":"1 minuto"},"schema":{"@context":"https:\/\/schema.org","@graph":[{"@type":"WebPage","@id":"https:\/\/angelfacio.com\/index.php\/centro-dramatico-nacional\/","url":"https:\/\/angelfacio.com\/index.php\/centro-dramatico-nacional\/","name":"Centro Dram\u00e1tico Nacional - \u00c1ngel Facio","isPartOf":{"@id":"https:\/\/angelfacio.com\/#website"},"primaryImageOfPage":{"@id":"https:\/\/angelfacio.com\/index.php\/centro-dramatico-nacional\/#primaryimage"},"image":{"@id":"https:\/\/angelfacio.com\/index.php\/centro-dramatico-nacional\/#primaryimage"},"thumbnailUrl":"https:\/\/angelfacio.com\/wp-content\/uploads\/elementor\/thumbs\/1-LAS-BRAGAS-revista-LUI--ovy64m2ubtnlmeqq6yghgfdwo9ou440hiehpjtjcow.jpg","datePublished":"2020-07-16T21:48:23+00:00","dateModified":"2020-11-20T17:12:57+00:00","breadcrumb":{"@id":"https:\/\/angelfacio.com\/index.php\/centro-dramatico-nacional\/#breadcrumb"},"inLanguage":"es","potentialAction":[{"@type":"ReadAction","target":["https:\/\/angelfacio.com\/index.php\/centro-dramatico-nacional\/"]}]},{"@type":"ImageObject","inLanguage":"es","@id":"https:\/\/angelfacio.com\/index.php\/centro-dramatico-nacional\/#primaryimage","url":"https:\/\/angelfacio.com\/wp-content\/uploads\/elementor\/thumbs\/1-LAS-BRAGAS-revista-LUI--ovy64m2ubtnlmeqq6yghgfdwo9ou440hiehpjtjcow.jpg","contentUrl":"https:\/\/angelfacio.com\/wp-content\/uploads\/elementor\/thumbs\/1-LAS-BRAGAS-revista-LUI--ovy64m2ubtnlmeqq6yghgfdwo9ou440hiehpjtjcow.jpg"},{"@type":"BreadcrumbList","@id":"https:\/\/angelfacio.com\/index.php\/centro-dramatico-nacional\/#breadcrumb","itemListElement":[{"@type":"ListItem","position":1,"name":"Portada","item":"https:\/\/angelfacio.com\/"},{"@type":"ListItem","position":2,"name":"Centro Dram\u00e1tico Nacional"}]},{"@type":"WebSite","@id":"https:\/\/angelfacio.com\/#website","url":"https:\/\/angelfacio.com\/","name":"\u00c1ngel Facio","description":"Dramaturgo y Director Esc\u00e9nico","potentialAction":[{"@type":"SearchAction","target":{"@type":"EntryPoint","urlTemplate":"https:\/\/angelfacio.com\/?s={search_term_string}"},"query-input":{"@type":"PropertyValueSpecification","valueRequired":true,"valueName":"search_term_string"}}],"inLanguage":"es"}]}},"_links":{"self":[{"href":"https:\/\/angelfacio.com\/index.php\/wp-json\/wp\/v2\/pages\/939"}],"collection":[{"href":"https:\/\/angelfacio.com\/index.php\/wp-json\/wp\/v2\/pages"}],"about":[{"href":"https:\/\/angelfacio.com\/index.php\/wp-json\/wp\/v2\/types\/page"}],"author":[{"embeddable":true,"href":"https:\/\/angelfacio.com\/index.php\/wp-json\/wp\/v2\/users\/1"}],"replies":[{"embeddable":true,"href":"https:\/\/angelfacio.com\/index.php\/wp-json\/wp\/v2\/comments?post=939"}],"version-history":[{"count":62,"href":"https:\/\/angelfacio.com\/index.php\/wp-json\/wp\/v2\/pages\/939\/revisions"}],"predecessor-version":[{"id":7292,"href":"https:\/\/angelfacio.com\/index.php\/wp-json\/wp\/v2\/pages\/939\/revisions\/7292"}],"wp:attachment":[{"href":"https:\/\/angelfacio.com\/index.php\/wp-json\/wp\/v2\/media?parent=939"}],"curies":[{"name":"wp","href":"https:\/\/api.w.org\/{rel}","templated":true}]}}